). Suppose b*l + k = 928 + 394, -5*l + 1645 = 5*k. Is l composite?
False
Let k(l) = 2*l**2 + 24*l + 45. Let q be k(-22). Let s = q - -1104. Suppose s - 524 = 2*a + i, -2*i = 5*a - 2665. Is a a composite number?
True
Let g = 549101 - 338578. Is g prime?
True
Suppose -5*z = -52 - 73. Let a(h) = 0 + 7 - 5*h + 8*h**2 + z*h. Is a(-13) prime?
False
Suppose 0 = 13*z - 483068 - 183195. Is z a composite number?
True
Let h(z) = 2*z**2 - 19*z + 53. Let t be h(32). Let s = t + -810. Is s prime?
True
Suppose 222*g = 113*g + 39563621. Is g a composite number?
False
Suppose 5*s = 2*o - 6*o + 14561, 4*o - 5834 = -2*s. Let i = s - 903. Suppose -5*a = -i - 2349. Is a a prime number?
False
Suppose -2397 + 709 = -2*z. Suppose 4*o = 8*o - z. Is o composite?
False
Suppose v = -0*v - 6. Let w(a) = 16*a**2 - 4*a**2 - 3*a**2 - a**3 + a - 10*a**2 + 3. Is w(v) a prime number?
False
Let f = -587319 - -2619224. Is f a composite number?
True
Suppose -3*o + 7689 - 175 = -c, -5*o = -2*c - 12522. Suppose -5*g - 7484 = -3*l, -12*l = -11*l + 4*g - o. Is l prime?
False
Suppose -b - 4*b + 137670 = 0. Let g = 49547 - b. Is g prime?
True
Is 9 + (-435354)/(-9) - 12/(-9) a composite number?
False
Let c = -1162 - -1674. Let i be (0 - -6 - 368)*3/6. Let v = c + i. Is v prime?
True
Suppose -35*m + 475 = -40*m. Let v = -87 - m. Let d(y) = y**3 - 2*y**2 + y + 5. Is d(v) composite?
False
Let d = 38 - 30. Let w(p) = 11*p + d - 3*p**3 + 11 - 22. Is w(-5) prime?
True
Let b = -48 + 41. Let x(l) = -82*l + 8. Let p be x(b). Suppose -5*i + m = -3*m - 1467, -4*m = -2*i + p. Is i a prime number?
False
Let j(n) = 184*n - 1523. Let r be j(10). Let m(c) = -42*c - 2. Let s be m(6). Let u = r - s. Is u composite?
False
Is 141516 - 5/6*12 prime?
False
Let h(q) = -q**3 + 5*q**2 - 4*q + 4. Let f be h(3). Suppose 6*x = 40 - f. Is 0 + (4 - x) + 636 prime?
False
Let f = -551153 - -818204. Is f a composite number?
True
Let a(y) = 90*y**3 - 18*y**2 + 37*y - 33. Let l(o) = -79*o**3 + 18*o**2 - 36*o + 33. Let j(t) = -7*a(t) - 8*l(t). Let i be -28*(-2)/(-4)*-1. Is j(i) prime?
True
Let w(u) = -7*u + 159. Let z be w(15). Suppose 0 = -z*s + 51*s + 21339. Is s composite?
True
Let w(o) = o**3 + 8*o**2 + 7*o + 5. Let t be (6/1 + -11)/(3 - 2). Let m be w(t). Suppose 5*k - m - 2050 = 0. Is k prime?
True
Suppose 0 = -5*s + 2*s + 4*z - 47, 28 = -2*s + 2*z. Let l(n) = n + 13. Let j be l(s). Suppose 2*r = a - 27 + 147, -3*a + 230 = j*r. Is r prime?
True
Let w = -31 - -17. Let z = w + 16. Suppose a + 319 = z*j, -3*a + 682 - 208 = 3*j. Is j prime?
False
Suppose -d - 3*d + 4*m = -30580, -d - 3*m + 7637 = 0. Let c = d + -3745. Is c a composite number?
True
Suppose 3*y = x + 190656, -3*x - 34 = -25. Is y composite?
True
Suppose 2*g = 0, -4*q + 36931 = -5*g - 62213. Suppose 0 = 12*p + 5214 - q. Is p composite?
True
Let u be 18168/102 + (-2)/17. Is (-19)/(-2 - (4 + -4))*u a composite number?
True
Suppose -5*y = 4*l - 0*l - 16, -4*y = l + 7. Suppose 27515 - 10982 = l*j. Is j a composite number?
True
Suppose -70500 - 1326 = -7*i - 8749. Is i a prime number?
True
Let l(v) = 5*v - 66. Let u(p) = -p + 16. Let i(m) = -4*l(m) - 18*u(m). Let f be i(-15). Suppose 0 = -w + 3*w + f, -4*t = -2*w - 5602. Is t a prime number?
True
Is (3/(-2*6))/((-12)/2283312) composite?
False
Suppose 48*x + 70*x = 17*x + 1426019. Is x a composite number?
True
Let l = -261825 - -692698. Is l a composite number?
False
Suppose -6*o + 5*o = -11330. Suppose -3*c + 20401 = -o. Suppose 0 = 15*f - 8*f - c. Is f composite?
False
Suppose 9 = 4*l - 6*j + 7*j, 0 = 5*j - 25. Is (l*-2)/((7/1)/(-29981)) composite?
True
Suppose -2*p - b = -5, 2*p - b + 5 = -0*b. Let g be -2 - (1 - p) - 0/(-19). Let r(w) = 33*w**2 - 6*w + 4. Is r(g) prime?
False
Suppose -2*c + 10*k = 8*k - 180934, 0 = -k - 1. Is c a prime number?
False
Suppose 3*h - 3298236 = 523815. Is h composite?
False
Let h(l) = -5*l + 45. Let t be h(13). Let z = t + 19. Is (1/z)/((-5)/370*2) prime?
True
Let v = -132 + 287. Let s(i) = i**2 + 35*i - 33. Let w be s(1). Suppose -w*r = u - 502, u - 335 - v = r. Is u composite?
True
Let l(n) = -240*n**3. Let d be l(-2). Let v = d + -377. Is v a prime number?
True
Suppose -12 = 3*q, -2*q = 4*c + 3*q - 88. Let p(y) = c*y - 6 + 3 - 35*y. Is p(-7) a prime number?
True
Let s(c) = c**2 - 5*c - 358. Let b(p) = 2*p**2 - 11*p - 716. Let t(z) = -4*b(z) + 9*s(z). Let k be t(0). Let x = k - -549. Is x composite?
False
Suppose -6*v + l - 65 = -9*v, 0 = 2*v - 4*l - 34. Suppose 28*t - v*t = 211127. Is t a prime number?
True
Let h(o) = -4*o**3 - o**2 + 4*o + 1. Let b be h(-2). Let y be (-7)/b - 1*(-32)/6. Suppose -y*v + 7*v = 710. Is v a prime number?
False
Let i be 216/(-81)*(-6)/4. Suppose -i*g - g = 0. Suppose g = u + 2*u - 261. Is u prime?
False
Suppose -4*p - 3*s + 12 = s, -s + 19 = 5*p. Suppose 647 = p*m - 165. Is m prime?
False
Let t(j) be the second derivative of -j**5/20 + 53*j**4/12 + 8*j**3/3 + 145*j**2/2 - 2*j - 44. Is t(45) prime?
False
Let z(b) = 4 - 7*b + 3*b**2 - 2 - 3. Let c be z(3). Let u(a) = 2*a**3 + 4*a**2 + 5*a + 4. Is u(c) a prime number?
True
Suppose 38726 = 53*k - 19*k. Is k a composite number?
True
Is 3/(90/(-40)*(-64)/23796912) a composite number?
False
Let z = -294 + 291. Let h(k) = 1317*k**2 + 3*k + 7. Is h(z) a composite number?
True
Suppose -o + 9 = 0, 26*j - 4*o - 1126023 = 23*j. Is j a prime number?
False
Is (-131414 + 1)/(88/(-76) + 33/209) composite?
False
Is (25 - 49) + 421773 + -10 prime?
True
Let y(n) = 2365*n + 48. Let s(p) = -3548*p - 71. Let c(z) = 5*s(z) + 7*y(z). Is c(-5) composite?
True
Let a be ((-1012)/66)/(1/(-57)). Let t = a - 19. Let g = -4 + t. Is g a composite number?
True
Let n(z) = -25*z + 57. Let s be n(-14). Suppose 7*d - s = 6810. Is d a prime number?
True
Suppose 3*x - 3387626 = -3*z - 577133, -5*x + 20 = 0. Is z a composite number?
False
Suppose -449*s + 453*s - 20 = 0. Suppose 1375 = x + 4*l, 4*l = -s*x + 2799 + 4140. Is x composite?
True
Suppose w + r + 89 = 0, -266 = -w + 4*w + 4*r. Let c = w - -191. Let y = c - -86. Is y composite?
True
Suppose 2*w - 10521 - 21795 = -2*k, -4*w + 4*k = -64592. Is w prime?
False
Suppose -82100 = -4*z - 4*p, p - 6*p - 61575 = -3*z. Let u = z - 6248. Is u prime?
False
Let j = 117 + -115. Let n(r) = 87*r**3 - r**2 + 2*r - 5. Is n(j) composite?
False
Let s(w) = -773*w**2 - 13*w + 13. Let q(y) = -774*y**2 - 12*y + 14. Let c(x) = -4*q(x) + 3*s(x). Is c(2) composite?
False
Is 8/72 + (-103214160)/(-81) a composite number?
False
Let l(b) = -20*b**3 - 6*b - 1. Let t = -16 - -13. Is l(t) composite?
False
Suppose 3*o = 8 - 2. Suppose 4*w - 3*w + 3*x - 704 = 0, o*w - 1407 = -5*x. Is w a composite number?
False
Suppose 881050 + 302748 = 14*n. Is n prime?
False
Suppose 0 = 10*g + 4*g - 3612. Let r = -12 + 12. Suppose -d - 5*z + g = -r*d, -3*z = -d + 250. Is d a composite number?
True
Suppose 0 = -4*a + 2*v + 2, 4*a - 2 = -2*v + 20. Suppose -3*w = -a*s - 8412, w - 3*w = s - 5617. Is w composite?
True
Is (-2)/(10/45) - (-398773 - -18) a prime number?
False
Let q(s) = 2*s**2 + 1. Let r(a) = a**3 - 26*a**2 + 43*a + 11. Let o(x) = 6*q(x) + r(x). Is o(21) prime?
True
Is (-6501382)/(-124) - 10/(-4) a composite number?
False
Suppose 11*h = -38*h + 52314158 + 31279695. Is h a composite number?
False
Suppose 3*y - 10 = -4*u, -y + 2 = -3*u + 4*u. Suppose 2*v = -k + 1306, -4*v - u*k + 1472 = -1144. Let m = 1103 - v. Is m a prime number?
False
Suppose -31*a + 29*a = -19898. Is a a prime number?
True
Suppose -5*t + 2*t - 4*x - 2 = 0, -3*t = x - 13. Suppose t = -5*v + 7*v. Suppose 7*r + 5*q = 2*r + 2105, 0 = v*r - 2*q - 1253. Is r a composite number?
False
Let j(w) = 47*w**2 - 7*w - 299. Is j(28) composite?
False
Is ((-78)/12 + 6)/((-1)/353258) composite?
False
Suppose 51*u - 111960 = 61*u. Let n = 40229 + u. Is n a composite number?
False
Suppose -2*x - 5*a = -114 - 59, -5*a - 380 = -5*x. Let n(q) = -11*q**3 - 6*q**2 - 5*q - 2. Let j be n(-4). Let i = j - x. Is i composite?
False
Let v(g) = 13*g**3 + 7*g**2 + 29*g - 14. Is v(9) composite?
True
Let i(l) = 41*l**2 + 17*l + 1. Suppose 0 = 2*m + 6, 6*o - 8*o + 5 = 3*m. Is i(o) a prime number?
True
Let l(b) = -18*b - 4*b**2 - 58*b**3 - 35*b**3 - 34*b**3 + 0*b**2 + 4. Is l(-5) composite?
True
Let w(c) = -14*c**3 + 3*c**2 + 7*c - 9. Let x be (-104)/6*72/(-16). Suppose -80*p + x*p = 8